7
Suppose 3*n - 2*m - 145 = 0, 0 = -2*m - 7 + 3. Calculate the greatest common divisor of 376 and n.
47
Let i(x) = -3*x**2 + 14*x. Let n be i(3). Let t be (-5)/n*(-31 + -2). What is the greatest common divisor of t and 209?
11
Suppose 0 = -o + 4*f + 36, -4*o = -o + 4*f - 44. Suppose 5*c - 5 - 21 = t, 2*t + 7 = c. Let n be 3 + (-6 + 4)*t. What is the greatest common divisor of n and o?
5
Suppose 76*s + 6100 - 23656 = 0. Calculate the greatest common divisor of 63 and s.
21
Suppose 2*y + 26 - 370 = 0. What is the greatest common factor of y and 129?
43
Suppose 35 - 225 = -10*x. Calculate the greatest common factor of 399 and x.
19
Suppose 10 = -2*y - 3*b, -2 = -2*y + 4*b + 2. Let j be y + (-89*4)/(-2). Calculate the greatest common factor of 22 and j.
22
Suppose 2*i = 5*p - 275 - 96, -4*p + 294 = -3*i. Calculate the greatest common divisor of 2325 and p.
75
Let x = -29 + 44. Suppose -46 + 21 = -5*l. Suppose w - l*w = -60. What is the greatest common divisor of x and w?
15
Let c be 2/(-1*3/(-6)). Suppose 24 = -0*p + c*p. Suppose 4*q - 206 = -2*m, 6*m - 88 = -2*q + 2*m. Calculate the highest common divisor of q and p.
6
Let t be (-5)/(0 - (-1)/(-13)). Suppose -3*v + 3*q - 40 = 2*v, -5*v + 4*q = 35. Let k = v + 37. What is the highest common factor of k and t?
13
Let w = 33 + -31. Let g(f) = -62*f**2 + 46*f**w + f + 32*f**2 + 2. Let z be g(-1). What is the highest common divisor of z and 17?
17
Let q(f) = 2*f**3 - 14*f**2 + 33*f + 14. Let p be q(10). Calculate the greatest common divisor of p and 354.
118
Let t(n) = 65*n**2 + n + 1. Let d be t(-1). Let x be 224/(-4)*4/(-8). Let w = x - 15. What is the highest common divisor of d and w?
13
Suppose -m = -3*b - 15, -3*b - 9 + 0 = m. Let i be 186/10 - b/10. Let j = -170 - -379. Calculate the highest common divisor of j and i.
19
Suppose 664 = -16*o + 4120. What is the highest common factor of o and 135?
27
Suppose -388 + 98 = 5*y. Let o = y - -132. Suppose -3*s - 64 = -u - 4*s, -s = -u + o. What is the highest common factor of u and 23?
23
Let n(u) = -5*u**2 - 2*u - 9. Suppose 2*y = -2*y + 24. Let i be n(y). Let v = 311 + i. What is the highest common factor of 22 and v?
22
Let i be 1*-3 - (-1 - 189). Let n = -99 + i. Let v = 29 + -21. Calculate the highest common divisor of v and n.
8
Let m = 517 - 509. What is the greatest common divisor of m and 6?
2
Let y be 6*(185/50 + 18/(-15)). What is the highest common divisor of 65 and y?
5
Let p(m) = -10*m - 3. Let c be p(-2). Let v = -10 + c. What is the highest common divisor of v and 56?
7
Let c be ((-4)/(-2))/(3/246). Let m = 6325 - 6284. What is the highest common divisor of c and m?
41
Let v(g) = -g**2 - g. Let u be v(4). Let h = u + 52. Let t be (-2)/(-5) + (-1738)/(-55). What is the highest common factor of h and t?
32
Suppose 2*z + 16*b - 17*b - 22 = 0, 14 = 2*z + 3*b. Calculate the greatest common factor of z and 130.
10
Suppose 4913 = 5*h - 757. Calculate the highest common divisor of h and 28.
14
Let a be 13688/76 - (-6)/(-57). What is the highest common divisor of a and 20?
20
Let j(k) = 241*k**3 + 5*k**2 - 7*k + 1. Let m be j(1). What is the greatest common divisor of m and 96?
48
Let x(q) = 3*q**3 - 11*q**2 + q + 13. Let d be x(6). Suppose -5*a + f + d = -739, 4*a + 2*f = 822. Calculate the highest common divisor of 29 and a.
29
Let d(f) = f**3 - 3*f**2 + 4. Let g be d(5). Suppose 0 = -2*y - 5*x + 64, 0 = 4*y - 7*y + 5*x + 71. Calculate the greatest common divisor of g and y.
27
Suppose -36 = -0*y - 4*y. Let t be (0 + 1/4)/(4/96). What is the highest common factor of y and t?
3
Let n(z) = 2*z**2 - 170*z + 24. Let l be n(0). Let t = 8 + -6. Let q be 14 + (t + 0)*-1. What is the highest common divisor of q and l?
12
Suppose 0 = 3*d - 5*a - 530, 8*a = -2*d + 4*a + 346. Let n be 5/((3/(-6))/1). Let i be d/14*(-24)/n. What is the greatest common factor of i and 10?
10
Let s be (10 - 0) + (-6 - -1). Suppose s*k - 93 = -28. Calculate the highest common factor of 221 and k.
13
Let n = -2 - -4. Suppose n*k = 5*k - 168. Suppose -552 = 36*j - 105*j. Calculate the greatest common factor of k and j.
8
Let r be (-4)/(12/9) - (-4 + -74). Calculate the highest common divisor of 3 and r.
3
Let b(a) = -136*a - 16. Let q be b(-1). Calculate the highest common divisor of q and 12.
12
Suppose -168 = -73*c + 66*c. Calculate the greatest common factor of 1176 and c.
24
Let w(b) = -45*b - 293. Let d be w(-7). Calculate the greatest common divisor of d and 616.
22
Let f be (-2)/(6/(-3)) + 21. Suppose n = -n - 3*g - 2, 3*n + 3 = 2*g. Let p be ((-209)/(-76))/(n/(-72)). Calculate the highest common factor of p and f.
22
Let a be ((8/(-3))/(-2))/(180/405). What is the greatest common divisor of 7 and a?
1
Let f(o) = 17*o**2 - o + 34. Let d be f(6). Calculate the greatest common factor of 40 and d.
40
Let n be 4/6 - 23/3. Let m = -18 - 1. Let o = n - m. What is the greatest common factor of o and 2?
2
Suppose -3*c + 324 = 9*c. Calculate the highest common divisor of 12 and c.
3
Suppose 57*n - 2627 = 1249. What is the greatest common factor of n and 24?
4
Suppose 6*z = z - 605. Let k = -86 - z. Suppose -j + g + k = 0, 0*g = -5*j - g + 163. What is the highest common factor of j and 11?
11
Let w(r) = -18*r + 1. Let o be w(-3). Let q(i) = i**2 + 7*i - 13. Let h be -2 + (-3 - 12/3). Let n be q(h). What is the highest common factor of o and n?
5
Let h(p) = -p**3 - 2*p**2 + p - 1. Let l be h(-3). Let t = -27 - -36. Let i be ((-150)/t)/((-4)/6). What is the highest common factor of i and l?
5
Let j(f) = -f**2 + f + 21. Let a be 1/1 + (-3)/3. Let z be j(a). Suppose 0 = y + 5, 4*x - 4*y - 425 = -3*y. What is the greatest common factor of x and z?
21
Let s(p) = -11*p + 653. Let k be s(57). Calculate the greatest common divisor of k and 299.
13
Suppose 4*a + 19 = -81. Let z be 8/(-4) + 5 - a. Calculate the highest common divisor of 70 and z.
14
Let b = -56 - -56. Suppose 5*c + i - 154 = -b*i, 2*i - 38 = -c. Calculate the highest common factor of c and 12.
6
Suppose 3*k = -3*l + 15, -2*l = -3 - 7. Let z(j) = j**2 + 24. Let u be z(k). Calculate the highest common divisor of 6 and u.
6
Let a be (4 + (-219)/(-9))*3. Suppose -a = h - 6*h. What is the highest common divisor of h and 17?
17
Let d be 1/(-4)*-137 + 87/116. Suppose -5*x + 5*h + d = 0, 4*x = -2*h + 6 + 34. What is the greatest common factor of 45 and x?
9
Suppose 493 = z - 350. Calculate the highest common divisor of 3 and z.
3
Suppose 23*p - 17*p - 240 = 0. Suppose -u - 4 = -5*j, -41 - 7 = -4*u + 4*j. What is the greatest common divisor of u and p?
8
Let b = 21 + -4. Suppose 5*l = 68 + b. Let x = -17 - -34. Calculate the greatest common divisor of x and l.
17
Suppose -5*u + 169 = -3*w, 3*u = 3*w + 113 + 64. Let k = w + 118. What is the greatest common factor of 22 and k?
11
Let o be -1 - 6/(-12)*742. What is the highest common factor of 10 and o?
10
Suppose -5*v + j = -19, 2*v + 2*j = v + 6. Let t be v/(-26) + 327/13. Suppose 5*b = -3*x + t, 6 - 26 = -4*b + 4*x. What is the highest common factor of b and 5?
5
Suppose 2*w - q = 401, 4*w - 6*w = 4*q - 376. Calculate the greatest common divisor of w and 18.
18
Suppose -4*x - 3*f + 8 = x, -28 = -5*x + 2*f. Let y(t) = t**2 - 5*t + 5. Let j be y(x). Suppose j = -4*a + 13. What is the highest common factor of a and 24?
3
Suppose y = 70 + 14. Let k be 6/(-8) - (-348)/16. Calculate the highest common factor of k and y.
21
Suppose -2*t + 257 = 2*y + 3*y, 3*t + y - 405 = 0. Suppose 8*u = -0*u + t. What is the greatest common divisor of u and 51?
17
Let u = 466 + -221. Let o = -101 + u. What is the greatest common divisor of o and 16?
16
Let r(w) = 4*w**2 - 6*w - 6. Let i be r(-3). Suppose -4 + i = 4*f. Calculate the highest common divisor of 66 and f.
11
Let l be -59 + 64 + 95*41. Calculate the greatest common factor of l and 39.
39
Suppose 0*a = 4*a - 132. Let x(i) = -i**2 + 17*i - 44. Let m be x(11). What is the highest common divisor of a and m?
11
Let c = 2 - -3. Let p be (22/c)/((-7)/(-245)). Calculate the highest common divisor of 14 and p.
14
Let y be (((-24)/20)/3)/(1/(-10)). Suppose -y*p + 9*p = 80. Calculate the greatest common factor of 4 and p.
4
Let z(d) = 2*d**2 - 27*d - 441. Let h be z(-12). Let y = -38 - -57. Calculate the greatest common factor of y and h.
19
Let a 